u. Suppose -10*n + 5*n + 120 = u. Calculate the greatest common factor of n and 36.
12
Let l = -1276 - -1281. Calculate the highest common factor of l and 135.
5
Suppose 2*r - 37 = r. Suppose -12*d - 98*d + 43197 - 6567 = 0. What is the highest common factor of d and r?
37
Suppose -5*z = -0*z - 50. Suppose 0 = 4*m - 5*m - z. Let h be 390/25 + (-4)/m. Calculate the greatest common divisor of h and 112.
16
Suppose -259*a = -454*a + 1365. Let d(p) = p**3 + 6*p**2 - p - 4. Let t be d(-4). Let c = 67 - t. What is the greatest common factor of a and c?
7
Let c be (-1113)/(-5) - (-2)/5. Let p = 421 - c. Let h(t) = -t**3 - 10*t**2 - 16*t + 18. Let k be h(-8). Calculate the greatest common factor of k and p.
18
Let k(o) = -o**3 + 4*o**2 - 3*o + 3. Let b be k(3). Suppose -b*v = -4 - 212. Calculate the greatest common divisor of 8 and v.
8
Let p = 11 - -33. Calculate the greatest common divisor of p and 22.
22
Let t = 558 + -498. Calculate the highest common factor of t and 40.
20
Let d(r) be the first derivative of r**4/4 + 5*r**3/3 - 3*r**2/2 + 5*r + 4. Let y be d(-5). What is the greatest common factor of y and 50?
10
Let b = 10 - 5. Suppose -b*l = -3*l + 16. Let o be 1 + 4 + l/4. Calculate the highest common factor of o and 27.
3
Suppose 0 = 4*i + 3 + 5, 5*w - 16 = 3*i. Let o be w/3*45/6. Calculate the greatest common factor of 65 and o.
5
Let f(z) = -9*z**2 - 80*z + 15. Let v be f(-9). Calculate the greatest common factor of 8 and v.
2
Let c(b) = 3*b + 51. Let u be c(-12). Calculate the highest common factor of u and 135.
15
Suppose p = -5*c + 12, -4*p - 4*c = -0*p - 16. Suppose -p*g - 68 = -6*g. Let f = g + 31. What is the greatest common factor of 6 and f?
6
Suppose 2*j - 36 = -2*j. Let t be -40*(-3)/(-20)*-15. Calculate the highest common divisor of j and t.
9
Let o = -31 - -44. Let y(t) = -5 + 0*t - 3*t + 7*t + o*t. Let z be y(4). What is the highest common factor of 7 and z?
7
Suppose -6*f = -2*x - 3*f + 2970, 3*x - 2*f - 4465 = 0. What is the highest common divisor of x and 21?
21
Let r = 82 - 59. Let s = -139 + 323. Calculate the greatest common factor of r and s.
23
Suppose 5*n - 70 = -3*s, 21 + 41 = 3*s + n. Suppose -5*f + 0 = -s. What is the greatest common factor of 20 and f?
4
Let y(u) = 26*u**2 + 2*u. Let x be y(3). What is the greatest common divisor of 15 and x?
15
Let i be 1701/35 - (-2)/5. Suppose i*w - 30 = 47*w. Let d(x) = -4*x - 5. Let z be d(-5). Calculate the highest common divisor of z and w.
15
Suppose -j + 3*j - 22 = 0. Let m = 741 - 708. What is the highest common divisor of j and m?
11
Let q = 12 - -9. Let g be 1/2 + 166/4. What is the greatest common factor of g and q?
21
Suppose 4*q - 36 = -5*j, 5*j - 3*q - 44 = -1. Suppose 0 = 11*p - j*p - 189. What is the greatest common factor of 7 and p?
7
Suppose 3*c = 2 - 5. Suppose 0*p - 15 = 3*n - p, 4*n - 3*p = -20. Let h be c - (-2 - n) - -16. What is the greatest common factor of 108 and h?
12
Let f = 5 + -3. Suppose 0 = -5*z - 26 + 81. Suppose -4*u - z = 3*k, k - 10 = 3*k. What is the highest common factor of f and u?
1
Let o = 309 - 311. Let q(g) = 2*g + 2. Let s be q(3). Let w = o + s. What is the greatest common divisor of 48 and w?
6
Let y = 41 + -21. Suppose 0 = 3*k + 4*g - 629, 2*g - 6*g = -4*k + 876. Suppose 4*w = k + 25. Calculate the highest common divisor of w and y.
20
Let k(t) = -2*t**3 - 2*t**2 + 4*t - 32. Let n be k(-4). What is the greatest common factor of n and 16?
16
Let u be (12/10)/((-8)/(-20)). Suppose 5*w - u = 22. Suppose 2 = -w*z + 47. Calculate the highest common factor of 9 and z.
9
Let r be (-1)/(-2) - 29/(-2). Let y(l) = -72*l + 78. Let o be y(1). Calculate the greatest common divisor of o and r.
3
Suppose y = -92 + 97. Calculate the greatest common divisor of 47 and y.
1
Suppose 0 = -2*v - 6 + 20. Suppose -v*q + 208 - 68 = 0. Calculate the highest common divisor of 30 and q.
10
Suppose -3*o + 10 = 7. Let s = o - -5. Calculate the highest common divisor of s and 9.
3
Suppose -3*z + 256 = -12*w + 7*w, -5*z = w - 436. Calculate the greatest common divisor of z and 203.
29
Let s(u) = -u**2 + 28*u + 48. Let v be s(10). What is the greatest common factor of 84 and v?
12
Let k = -15 - -288. What is the greatest common factor of 63 and k?
21
Let k be ((-8)/(-12))/((-1)/(-3)). Suppose k*d + 0*d - 4 = 0. Let s(a) = -a**3 - 3*a**2 + 7*a + 7. Let r be s(-5). What is the highest common factor of r and d?
2
Let h = 293 + -78. What is the highest common divisor of 172 and h?
43
Suppose 10*l + 53 = 853. Calculate the highest common divisor of 200 and l.
40
Let n(o) = -o**3 - 22*o**2 - 59*o + 7. Let w be n(-19). Let c be 3/(-2)*20/(-6). What is the greatest common factor of w and c?
5
Let t(q) = 17*q + 544. Let v be t(-30). Let f(r) = 84*r + 4. Let m be f(4). Calculate the highest common divisor of v and m.
34
Let n = 142 + -133. Calculate the highest common factor of 423 and n.
9
Let s = 124 - 106. Calculate the greatest common divisor of s and 2.
2
Suppose l - 3*l + 2 = 0. Let c(d) = d + d**2 - l + 0 - d. Let r be c(3). What is the highest common factor of r and 1?
1
Suppose -10 = -7*f + 11. Let z be 292 + (-11)/7 + f/(-7). Let q(d) = d**2 + 4. Let g be q(5). What is the highest common divisor of z and g?
29
Let z(p) = -p**2 + 3*p + 260. Let n be z(12). Calculate the greatest common factor of n and 950.
38
Let d(g) = -2*g**2 - 25*g + 3. Suppose 5*z = -0 - 55. Let l be d(z). Calculate the greatest common divisor of l and 24.
12
Let s(z) = 17*z + 6. Let c be s(-4). Let k be -2 + 1 - (c - -1). Let a = k - 4. Calculate the highest common divisor of 7 and a.
7
Let b = 9 - 5. Let d be (10 + -11)*124/(-4). Let y be d*60/66 - (-4)/(-22). Calculate the greatest common divisor of b and y.
4
Let y(r) = 5*r**2 - r. Let g be y(1). Suppose -2*x = m - 1, 0 = g*x + x. What is the highest common factor of 2 and m?
1
Let l be (69/3)/(4/8). Calculate the highest common divisor of l and 736.
46
Let a(j) = -j**2 + 10*j + 14. Let f be a(7). What is the greatest common divisor of 5 and f?
5
Suppose 0 = -5*v + 3*x + 99, 23 = -8*v + 9*v + x. Calculate the greatest common factor of 1743 and v.
21
Suppose -9*g + 10*g + 4 = 0. Let n = g - -26. Calculate the highest common divisor of 88 and n.
22
Let d = 26 - 15. Suppose 5*s - d = 14. Suppose 0 = 5*f - s*b - 255, -5*f + b + 9 + 238 = 0. What is the greatest common divisor of 7 and f?
7
Let w = -139 - -49. Let z = w + 91. Calculate the highest common factor of z and 19.
1
Let x(k) = -48*k + 17. Let n(s) = 24*s - 8. Let l(i) = 5*n(i) + 2*x(i). Let b be l(7). What is the highest common divisor of b and 9?
9
Suppose 73*g - 77*g = -104. Let b = g + 10. Calculate the highest common factor of b and 27.
9
Let c = 6730 + -4240. What is the greatest common factor of c and 30?
30
Let a(u) = 5*u**2 - u - 3. Let o be a(2). Suppose -6*k = -k - o. What is the highest common divisor of k and 6?
3
Let c be 6/(-1 - -4) - -2. Suppose c*s - 57 = t, -t = -0*t - 3. Let g = 284 + -164. Calculate the highest common factor of g and s.
15
Let p = -1 - -57. Let b = -13802 - -13816. Calculate the highest common factor of p and b.
14
Suppose -14 - 14 = -7*g. Suppose -7*l + 8*l = 21. Suppose d - 3*c + 24 = 2*d, 0 = g*d - 3*c - l. What is the highest common divisor of 9 and d?
9
Suppose h + 1 = 25. Let w be ((-2)/5)/(2 - 2667/1330). Let n = 112 - w. What is the greatest common divisor of h and n?
12
Suppose -2*p - 3 = 5. Let w be 2/4 + (-414)/p. Calculate the greatest common factor of 13 and w.
13
Suppose 3*f - 4 = v, 2 = -2*f - f - 5*v. Let p = -40 - -59. Let q = p - f. Calculate the highest common divisor of 72 and q.
18
Suppose 0 = 10*o + 9*o - 209. Let s(n) = n**2 - n - 9. Let j be s(7). What is the highest common divisor of j and o?
11
Let u(i) = i**3 - 24*i**2 - 66*i + 39. Let r be u(27). Calculate the highest common divisor of 12 and r.
12
Let l(c) = -c**3 + 17*c**2 - c + 23. Let p be l(17). Calculate the greatest common factor of p and 99.
3
Suppose q + 3*q = 152. Let u be (-22)/(3/18*3). Let l = 63 + u. Calculate the highest common factor of l and q.
19
Suppose 21*v - 25 = 16*v. Suppose 74 = g + v*h, -3*g - 4*h = -0*g - 277. What is the highest common factor of g and 11?
11
Let k = -1545 - -1578. Calculate the greatest common factor of k and 2211.
33
Let j(